 c.
67
Suppose 10 = -3*j + 43. Suppose -3*q + j = 4*h - 2, -5*h + 11 = 2*q. Let o be (6 - 10) + 21/3. What is the greatest common factor of o and h?
1
Suppose 0 = 277*g - 272*g - 285. Suppose 3*s = 166 + 62. What is the greatest common factor of g and s?
19
Let z be ((-8)/10)/(20/(-50)). Suppose -v - 1190 = -3*t, 5*t = -z*v + 1520 + 456. What is the highest common divisor of t and 36?
36
Let h(j) = j**3 - 25*j**2 - 52*j - 40. Let b be h(27). Calculate the greatest common factor of b and 70.
14
Suppose 3*l + 20 = -4. Let n = 7 - l. Calculate the greatest common factor of n and 120.
15
Suppose 2*f + 14 = 38. Let b be 0/(2 + 3 + -1). Suppose -12 = -q - b*q. What is the highest common factor of q and f?
12
Let g = 51 + -27. Suppose 2*j - g = j. Let h = j + -15. Calculate the greatest common factor of 81 and h.
9
Let j(d) = d**3 + 9*d**2 + 8*d - 4. Let r be j(-6). Suppose -8*i = -72 - r. Calculate the greatest common factor of i and 4.
4
Let s(y) = 306*y**2. Let b be s(1). Let n be ((-1)/(-3))/(-2 + 615/b). What is the greatest common factor of n and 34?
34
Let s = 443 - 343. What is the highest common divisor of s and 40?
20
Let w(o) = -2*o - 11. Let c be w(-5). Let r be (c/3)/(4/(-132)). Let d(i) = -i**3 + 11*i**2 + 7*i. Let q be d(r). What is the greatest common factor of 7 and q?
7
Let h = 27 - -37. Let t be 14/(-4)*h/(-56). What is the highest common divisor of t and 8?
4
Suppose 0 = 3*l - 3, -3*d + 4*l + 1080 = -86. What is the highest common divisor of d and 15?
15
Let i = -46 + 50. Suppose f = 7 - 8. Let u be (80/(-24))/(f/12). Calculate the greatest common divisor of u and i.
4
Let y = -266 + 281. What is the greatest common factor of 405 and y?
15
Let g be ((-31)/3)/(-1 + 56/63). Calculate the greatest common factor of g and 1116.
93
Let p = 185 + -165. Calculate the highest common divisor of 500 and p.
20
Suppose f - 42 = -2*u - 3*f, 4*u - 39 = f. Suppose -33*s + 29*s = -176. Calculate the highest common divisor of s and u.
11
Let o be 6*15 - -1 - (24 + -23). Calculate the greatest common divisor of 360 and o.
90
Let d(n) = 75*n - 135. Let o be d(6). Calculate the highest common divisor of o and 35.
35
Suppose -5*f + 738 = -4*s, 4*s - 248 - 214 = -3*f. What is the greatest common divisor of f and 45?
15
Suppose -2*c + 8 = -0*c. Let a be ((-12)/24)/((-2)/(-8)). Let f be (70 + a)/c + -3. Calculate the greatest common divisor of f and 56.
14
Suppose 3*d - 359 = -4*r, 5*r - 268 = -4*d + 212. Calculate the greatest common factor of 1625 and d.
125
Let p = -33 - -70. Let w be -1*(p + 1)/2. Let u = w - -38. Calculate the greatest common factor of 38 and u.
19
Suppose u = 6*u - 15. Suppose -u*z - 36 = -3*m, 33 = m + 4*m + 4*z. What is the greatest common factor of 99 and m?
9
Let v = -239 + -867. Let l be 4/(-32) + v/(-16). Calculate the greatest common divisor of l and 23.
23
Suppose -3 = q - 4. Suppose 4*t = -2*a - t + 23, t = -5*a + 23. Calculate the greatest common divisor of a and q.
1
Suppose 5*u + 6 = 41. Suppose u - 32 = -5*j. Suppose -j = -2*v - 3*v. What is the highest common factor of v and 1?
1
Let c = -2636 + 4885. Calculate the greatest common factor of 13 and c.
13
Let z(o) = o**2 - 3*o - 19. Let y be z(-4). What is the greatest common divisor of y and 6?
3
Let t = 53 - -52. Suppose 6*y + 70 = 7*y. What is the highest common factor of t and y?
35
Let v = -7 - -4. Let f = v + 23. Let u be (-4 - (-18)/(-1))*-10. Calculate the highest common factor of u and f.
20
Suppose -f + 2 = -6. Let i(u) = -u**3 - u**2 + u - 7. Let m be i(-5). Calculate the highest common factor of m and f.
8
Let b = 8 + 2. Suppose 12*m + 2280 = 81*m - 12*m. Calculate the highest common divisor of m and b.
10
Let n be (2470/3)/((-52)/(-78)). What is the greatest common divisor of n and 76?
19
Suppose 3*y = 33 + 9. Let g be 1/2*(y - 2). Let q = 41 + -29. Calculate the greatest common divisor of q and g.
6
Suppose 2*d + 2*l - 6 = 0, -d + 2*d + 2*l = 0. Calculate the highest common divisor of 3 and d.
3
Let y be ((-112)/(-49))/(-8) - (-107)/7. Suppose -13*s + 8*s + y = 0. What is the greatest common factor of s and 9?
3
Let g(s) = -8*s + 17*s - 10 - 2*s. Let j be g(10). Calculate the highest common divisor of j and 15.
15
Let i(k) = -46*k + 635. Let f be i(9). What is the highest common factor of 119 and f?
17
Let h(y) = -y - 1. Let z be h(-6). Suppose 0 = 3*o - 25 - z. What is the highest common factor of 50 and o?
10
Let d be (-5 + -1)/(1 + -4). Suppose -d*o - 12 = 5*z, -o + 2*o + z = 0. Suppose -o*t = 151 - 439. What is the greatest common divisor of 108 and t?
36
Suppose -422*q = -433*q + 2277. What is the greatest common divisor of q and 9?
9
Let t = -1384 + 2236. Calculate the greatest common factor of t and 710.
142
Let v = 16 - 22. Let y = v + 36. Let l be ((-2)/(-4))/((-6)/72)*-15. What is the greatest common factor of l and y?
30
Let h(m) = -m**3 - 14*m**2 + 15*m - 9. Let i be h(-15). Let w(n) = 3*n**2 + 26*n + 14. Let y be w(i). Calculate the greatest common factor of y and 184.
23
Let h = -25 - -32. Suppose q = 2*n - h*n + 15, 0 = -4*q - n + 22. Calculate the greatest common factor of q and 2.
1
Let q be (-2 + -1)*(-8)/3. Let b be 1 - 4*-4*4/q. What is the highest common divisor of 9 and b?
9
Let i(f) = -f**2 - 33*f - 74. Let n be i(-13). Calculate the greatest common factor of n and 62.
62
Let f = 17 + -7. Let z = f + 10. Suppose 488*r - 492*r = -120. What is the greatest common divisor of r and z?
10
Let v be (-65)/(-5) + 0 + (1 - -2). Let x(s) = -s**3 + 7*s**2 - 5*s - 1. Let c be x(5). What is the greatest common divisor of v and c?
8
Let v be (5/(-10))/(8/(-8240)). What is the highest common divisor of v and 103?
103
Let h(d) = -d**3 + 5*d**2 + 15*d + 5. Let p be h(7). What is the highest common divisor of 108 and p?
12
Suppose 4*a + 2*r - 704 = -a, 4*r + 552 = 4*a. Let o = a + -94. What is the highest common divisor of o and 23?
23
Let j(n) = -2*n**2 - 41*n + 323. Let o be j(6). Calculate the highest common divisor of o and 1210.
5
Suppose 0 = -v - 5, -3 = -2*q + v - 4*v. Let f be 6/q + 7384/12. Suppose -3*w + f = w. What is the greatest common divisor of w and 14?
14
Let x(q) = -13*q - 21. Let t be x(8). Let b = -80 - t. Calculate the greatest common factor of 15 and b.
15
Let y(f) = 4*f**2 - f - 1. Let x be y(-4). Let m = x - -21. What is the greatest common factor of 11 and m?
11
Let s = 1090 - 1060. What is the greatest common divisor of 156 and s?
6
Suppose 0 = 23*h - 27*h - 2*x + 232, h - x - 64 = 0. What is the highest common divisor of 220 and h?
20
Let y be (-4)/(((-8)/(-28))/(-4 + 0)). Let j be ((-35)/(-20))/((-2)/(-8)). Calculate the highest common divisor of j and y.
7
Suppose 0 = m + 4*h - 24, 0*m - 2*m + 5*h = 4. Let k(o) = o - 5. Let f be k(3). Let s be (14 + f)/(m/12). What is the highest common factor of s and 9?
9
Suppose 3*s = -2*d + 6*d - 137, -d + s = -35. What is the highest common divisor of d and 288?
32
Suppose 4*c = -l + 34, -26 = -2*c - 0*l + 4*l. Let k be (-13)/(-13) + 71*(2 + -1). What is the greatest common factor of k and c?
9
Let f be (12/10)/((-6)/30). Let v be f/(-12) + (-92)/(-8). Calculate the highest common divisor of 3 and v.
3
Let h = 7 + -2. Let g = -24 + 8. Let b be (-232)/g + 1/2. What is the greatest common divisor of h and b?
5
Suppose 3*o = 2*l + 16 + 20, -2*o = 4*l - 40. Suppose -4*f + 11 = -45. Calculate the greatest common divisor of o and f.
14
Suppose 3*r + 2*m - 47 = 57, 5*r - 178 = -m. Suppose 3*o - 2*o - 2 = -2*n, -4*n = o. Calculate the highest common factor of r and o.
4
Let b be (30 + 0)*98/28. Let w = b - -494. Suppose 5*m + 5*j - w - 141 = 0, -4*j = -16. Calculate the greatest common factor of 16 and m.
16
Suppose 0*m - 3*q + 21 = -4*m, 2*m = -3*q - 15. Let o be 1034/(-55)*(m + 1). Suppose 0 = -5*s + o + 1. Calculate the greatest common factor of 190 and s.
19
Suppose -5*t = 5*x - 20, -8 = -5*x - 0*t + t. Suppose -x*f = -3*f - 11. Let s = 21 - f. Calculate the greatest common divisor of 256 and s.
32
Let p be 2/(-4) - (97/2 - -5). Let q = 66 + p. What is the highest common divisor of q and 8?
4
Let w be 1 - 1 - -3 - 1. Let l be (-1 + w)*4*-1. Let t be 174/8 - (-3)/l. What is the greatest common factor of t and 3?
3
Let u = -1063 - -1095. Calculate the greatest common factor of u and 160